{"id":46,"date":"2022-08-21T08:28:43","date_gmt":"2022-08-21T08:28:43","guid":{"rendered":"http:\/\/164.92.175.95\/?page_id=46"},"modified":"2022-08-21T08:28:43","modified_gmt":"2022-08-21T08:28:43","slug":"unterstutzung","status":"publish","type":"page","link":"https:\/\/jogr.ch\/index.php\/unterstutzung\/","title":{"rendered":"Unterst\u00fctzung"},"content":{"rendered":"\n<p>Wir danken den Aufgelisteten ganz herzlich f\u00fcr ihre Unterst\u00fctzung, ohne die das Orchester nicht bestehen k\u00f6nnte (Aufz\u00e4hlung in alphabetischer Reihenfolge).<\/p>\n\n\n\n<ul class=\"wp-block-list\"><li>Avina Stiftung<\/li><li>Boner Stiftung f\u00fcr Kunst und Kultur<\/li><li>B\u00fcrgergemeinde Trimmis<\/li><li>Charlotte und Nelly Dornacher Stiftung<\/li><li>EMS Chemie AG<\/li><li>Fondazione Dr. Martin Othmar Winterhalter<\/li><li>Graub\u00fcndner Kantonalbank<\/li><li>Stiftung<\/li><li>Kulturf\u00f6rderung Graub\u00fcnden<\/li><li>Kulturfachstelle der Stadt Chur<\/li><li>Migros Kulturprozent<\/li><li>Rotary Stiftung<\/li><li>Stiftung Casty-Buchmann Chur\/Masans<\/li><li>Stiftung Dr. Valentin Malamoud<\/li><li>Stiftung Familie Georg Aliesch-Davaz<\/li><li>Stiftung Jaques Bischofberger<\/li><li>Stiftung Lienhard-Hunger<\/li><li>Tino Walz-Stiftung Zuoz<\/li><li>Wilhelm Doerenkamp Stiftung<\/li><li>Willy Muntwyler-Stiftung<\/li><\/ul>\n","protected":false},"excerpt":{"rendered":"<p>Wir danken den Aufgelisteten ganz herzlich f\u00fcr ihre Unterst\u00fctzung, ohne die das Orchester nicht bestehen k\u00f6nnte (Aufz\u00e4hlung in alphabetischer Reihenfolge). Avina Stiftung Boner Stiftung f\u00fcr Kunst und Kultur B\u00fcrgergemeinde Trimmis Charlotte und Nelly Dornacher Stiftung EMS Chemie AG Fondazione Dr. Martin Othmar Winterhalter Graub\u00fcndner Kantonalbank Stiftung Kulturf\u00f6rderung Graub\u00fcnden Kulturfachstelle der Stadt Chur Migros Kulturprozent Rotary &hellip; <\/p>\n<p class=\"link-more\"><a href=\"https:\/\/jogr.ch\/index.php\/unterstutzung\/\" class=\"more-link\"><span class=\"screen-reader-text\">&#171;Unterst\u00fctzung&#187;<\/span> weiterlesen<\/a><\/p>\n","protected":false},"author":1,"featured_media":0,"parent":0,"menu_order":0,"comment_status":"closed","ping_status":"closed","template":"","meta":{"footnotes":""},"class_list":["post-46","page","type-page","status-publish","hentry"],"_links":{"self":[{"href":"https:\/\/jogr.ch\/index.php\/wp-json\/wp\/v2\/pages\/46","targetHints":{"allow":["GET"]}}],"collection":[{"href":"https:\/\/jogr.ch\/index.php\/wp-json\/wp\/v2\/pages"}],"about":[{"href":"https:\/\/jogr.ch\/index.php\/wp-json\/wp\/v2\/types\/page"}],"author":[{"embeddable":true,"href":"https:\/\/jogr.ch\/index.php\/wp-json\/wp\/v2\/users\/1"}],"replies":[{"embeddable":true,"href":"https:\/\/jogr.ch\/index.php\/wp-json\/wp\/v2\/comments?post=46"}],"version-history":[{"count":1,"href":"https:\/\/jogr.ch\/index.php\/wp-json\/wp\/v2\/pages\/46\/revisions"}],"predecessor-version":[{"id":48,"href":"https:\/\/jogr.ch\/index.php\/wp-json\/wp\/v2\/pages\/46\/revisions\/48"}],"wp:attachment":[{"href":"https:\/\/jogr.ch\/index.php\/wp-json\/wp\/v2\/media?parent=46"}],"curies":[{"name":"wp","href":"https:\/\/api.w.org\/{rel}","templated":true}]}}